{"id":1246,"date":"2024-08-13T21:34:41","date_gmt":"2024-08-13T21:34:41","guid":{"rendered":"https:\/\/a2.metrosan.pl\/?page_id=1246"},"modified":"2025-10-06T09:58:28","modified_gmt":"2025-10-06T09:58:28","slug":"wnetrze-kosciola-p-w-narodzenia-najswietszej-maryi-panny-w-sanoku-dabrowce","status":"publish","type":"page","link":"https:\/\/sanok.live\/index.php\/wnetrze-kosciola-p-w-narodzenia-najswietszej-maryi-panny-w-sanoku-dabrowce\/","title":{"rendered":"Wn\u0119trze ko\u015bcio\u0142a p.w. Narodzenia Naj\u015bwietszej Maryi Panny w Sanoku &#8211; D\u0105br\u00f3wce"},"content":{"rendered":"","protected":false},"excerpt":{"rendered":"","protected":false},"author":1,"featured_media":1118,"parent":0,"menu_order":0,"comment_status":"closed","ping_status":"closed","template":"","meta":{"iawp_total_views":188,"footnotes":""},"class_list":["post-1246","page","type-page","status-publish","has-post-thumbnail","hentry"],"acf":[],"_links":{"self":[{"href":"https:\/\/sanok.live\/index.php\/wp-json\/wp\/v2\/pages\/1246","targetHints":{"allow":["GET"]}}],"collection":[{"href":"https:\/\/sanok.live\/index.php\/wp-json\/wp\/v2\/pages"}],"about":[{"href":"https:\/\/sanok.live\/index.php\/wp-json\/wp\/v2\/types\/page"}],"author":[{"embeddable":true,"href":"https:\/\/sanok.live\/index.php\/wp-json\/wp\/v2\/users\/1"}],"replies":[{"embeddable":true,"href":"https:\/\/sanok.live\/index.php\/wp-json\/wp\/v2\/comments?post=1246"}],"version-history":[{"count":21,"href":"https:\/\/sanok.live\/index.php\/wp-json\/wp\/v2\/pages\/1246\/revisions"}],"predecessor-version":[{"id":2150,"href":"https:\/\/sanok.live\/index.php\/wp-json\/wp\/v2\/pages\/1246\/revisions\/2150"}],"wp:featuredmedia":[{"embeddable":true,"href":"https:\/\/sanok.live\/index.php\/wp-json\/wp\/v2\/media\/1118"}],"wp:attachment":[{"href":"https:\/\/sanok.live\/index.php\/wp-json\/wp\/v2\/media?parent=1246"}],"curies":[{"name":"wp","href":"https:\/\/api.w.org\/{rel}","templated":true}]}}